{"id":2122,"date":"2017-01-20T22:36:20","date_gmt":"2017-01-20T20:36:20","guid":{"rendered":"http:\/\/www.mehrenergie.ch\/?page_id=2122"},"modified":"2025-01-07T11:35:48","modified_gmt":"2025-01-07T09:35:48","slug":"integrative-koerperpsychotherapie-ibp","status":"publish","type":"page","link":"https:\/\/www.mehrenergie.ch\/index.php\/integrative-koerperpsychotherapie-ibp\/","title":{"rendered":"Integrative K\u00f6rperpsychotherapie IBP"},"content":{"rendered":"<p>IBP ist das englische K\u00fcrzel f\u00fcr Integrative K\u00f6rperpsychotherapie (Integrative Body Psychotherapie). IBP steht inzischen allerdings f\u00fcr weit mehr als f\u00fcr ein k\u00f6rperpsychotherapeutisches Verfahren. Der ganzeitliche Ansatz von IBP dreht sich um folgende Themen:<\/p>\n<ul>\n<li>Integration von K\u00f6rperempfindunegn, Emotionen, Denken, Handeln, spirituelle Verankerung<\/li>\n<li>Selbstkontakt und Beziehung<\/li>\n<li>Pr\u00e4senz und Lebendigkeit<\/li>\n<li>pers\u00f6nlicher Eigenraum und Autonomie<\/li>\n<li>Selbstf\u00fcrsorge als Teil pers\u00f6nlkicher Entwicklung<\/li>\n<\/ul>\n","protected":false},"excerpt":{"rendered":"<p>IBP ist das englische K\u00fcrzel f\u00fcr Integrative K\u00f6rperpsychotherapie (Integrative Body Psychotherapie). IBP steht inzischen allerdings f\u00fcr weit mehr als f\u00fcr ein k\u00f6rperpsychotherapeutisches Verfahren. Der ganzeitliche Ansatz von IBP dreht sich&#8230;<\/p>\n","protected":false},"author":1,"featured_media":2932,"parent":0,"menu_order":0,"comment_status":"closed","ping_status":"closed","template":"","meta":{"footnotes":""},"class_list":["post-2122","page","type-page","status-publish","has-post-thumbnail","hentry"],"yoast_head":"<!-- This site is optimized with the Yoast SEO plugin v27.3 - https:\/\/yoast.com\/product\/yoast-seo-wordpress\/ -->\n<title>IBP K\u00f6rperpsychotherapie | Antonia Somm Schaffhausen<\/title>\n<meta name=\"description\" content=\"Ganzheitliche Heilung durch Integrative K\u00f6rperpsychotherapie (IBP) bei Antonia Somm in Schaffhausen. K\u00f6rper und Psyche im Einklang.\" \/>\n<meta name=\"robots\" content=\"index, follow, max-snippet:-1, max-image-preview:large, max-video-preview:-1\" \/>\n<link rel=\"canonical\" href=\"https:\/\/www.mehrenergie.ch\/index.php\/integrative-koerperpsychotherapie-ibp\/\" \/>\n<meta property=\"og:locale\" content=\"de_DE\" \/>\n<meta property=\"og:type\" content=\"article\" \/>\n<meta property=\"og:title\" content=\"IBP K\u00f6rperpsychotherapie | Antonia Somm Schaffhausen\" \/>\n<meta property=\"og:description\" content=\"Ganzheitliche Heilung durch Integrative K\u00f6rperpsychotherapie (IBP) bei Antonia Somm in Schaffhausen. K\u00f6rper und Psyche im Einklang.\" \/>\n<meta property=\"og:url\" content=\"https:\/\/www.mehrenergie.ch\/index.php\/integrative-koerperpsychotherapie-ibp\/\" \/>\n<meta property=\"og:site_name\" content=\"mehrenergie\" \/>\n<meta property=\"article:modified_time\" content=\"2025-01-07T09:35:48+00:00\" \/>\n<meta property=\"og:image\" content=\"https:\/\/www.mehrenergie.ch\/wp-content\/uploads\/2021\/08\/IMG_1508-765x1024.jpg\" \/>\n\t<meta property=\"og:image:width\" content=\"765\" \/>\n\t<meta property=\"og:image:height\" content=\"1024\" \/>\n\t<meta property=\"og:image:type\" content=\"image\/jpeg\" \/>\n<meta name=\"twitter:card\" content=\"summary_large_image\" \/>\n<meta name=\"twitter:label1\" content=\"Gesch\u00e4tzte Lesezeit\" \/>\n\t<meta name=\"twitter:data1\" content=\"1\u00a0Minute\" \/>\n<script type=\"application\/ld+json\" class=\"yoast-schema-graph\">{\"@context\":\"https:\\\/\\\/schema.org\",\"@graph\":[{\"@type\":\"WebPage\",\"@id\":\"https:\\\/\\\/www.mehrenergie.ch\\\/index.php\\\/integrative-koerperpsychotherapie-ibp\\\/\",\"url\":\"https:\\\/\\\/www.mehrenergie.ch\\\/index.php\\\/integrative-koerperpsychotherapie-ibp\\\/\",\"name\":\"IBP K\u00f6rperpsychotherapie | Antonia Somm Schaffhausen\",\"isPartOf\":{\"@id\":\"https:\\\/\\\/www.mehrenergie.ch\\\/#website\"},\"primaryImageOfPage\":{\"@id\":\"https:\\\/\\\/www.mehrenergie.ch\\\/index.php\\\/integrative-koerperpsychotherapie-ibp\\\/#primaryimage\"},\"image\":{\"@id\":\"https:\\\/\\\/www.mehrenergie.ch\\\/index.php\\\/integrative-koerperpsychotherapie-ibp\\\/#primaryimage\"},\"thumbnailUrl\":\"https:\\\/\\\/www.mehrenergie.ch\\\/wp-content\\\/uploads\\\/2021\\\/08\\\/IMG_1508-scaled.jpg\",\"datePublished\":\"2017-01-20T20:36:20+00:00\",\"dateModified\":\"2025-01-07T09:35:48+00:00\",\"description\":\"Ganzheitliche Heilung durch Integrative K\u00f6rperpsychotherapie (IBP) bei Antonia Somm in Schaffhausen. K\u00f6rper und Psyche im Einklang.\",\"breadcrumb\":{\"@id\":\"https:\\\/\\\/www.mehrenergie.ch\\\/index.php\\\/integrative-koerperpsychotherapie-ibp\\\/#breadcrumb\"},\"inLanguage\":\"de\",\"potentialAction\":[{\"@type\":\"ReadAction\",\"target\":[\"https:\\\/\\\/www.mehrenergie.ch\\\/index.php\\\/integrative-koerperpsychotherapie-ibp\\\/\"]}]},{\"@type\":\"ImageObject\",\"inLanguage\":\"de\",\"@id\":\"https:\\\/\\\/www.mehrenergie.ch\\\/index.php\\\/integrative-koerperpsychotherapie-ibp\\\/#primaryimage\",\"url\":\"https:\\\/\\\/www.mehrenergie.ch\\\/wp-content\\\/uploads\\\/2021\\\/08\\\/IMG_1508-scaled.jpg\",\"contentUrl\":\"https:\\\/\\\/www.mehrenergie.ch\\\/wp-content\\\/uploads\\\/2021\\\/08\\\/IMG_1508-scaled.jpg\",\"width\":1912,\"height\":2560},{\"@type\":\"BreadcrumbList\",\"@id\":\"https:\\\/\\\/www.mehrenergie.ch\\\/index.php\\\/integrative-koerperpsychotherapie-ibp\\\/#breadcrumb\",\"itemListElement\":[{\"@type\":\"ListItem\",\"position\":1,\"name\":\"Startseite\",\"item\":\"https:\\\/\\\/www.mehrenergie.ch\\\/\"},{\"@type\":\"ListItem\",\"position\":2,\"name\":\"Integrative K\u00f6rperpsychotherapie IBP\"}]},{\"@type\":\"WebSite\",\"@id\":\"https:\\\/\\\/www.mehrenergie.ch\\\/#website\",\"url\":\"https:\\\/\\\/www.mehrenergie.ch\\\/\",\"name\":\"mehrenergie\",\"description\":\"Kurse und Einzelsitzungen f\u00fcr mehr Gesundheit und Wohlbefinden, mehr Lebensfreude und Kreativit\u00e4t.\",\"publisher\":{\"@id\":\"https:\\\/\\\/www.mehrenergie.ch\\\/#\\\/schema\\\/person\\\/dac14b4895dd5502226083a88d200b56\"},\"alternateName\":\"mehrenergie\",\"potentialAction\":[{\"@type\":\"SearchAction\",\"target\":{\"@type\":\"EntryPoint\",\"urlTemplate\":\"https:\\\/\\\/www.mehrenergie.ch\\\/?s={search_term_string}\"},\"query-input\":{\"@type\":\"PropertyValueSpecification\",\"valueRequired\":true,\"valueName\":\"search_term_string\"}}],\"inLanguage\":\"de\"},{\"@type\":[\"Person\",\"Organization\"],\"@id\":\"https:\\\/\\\/www.mehrenergie.ch\\\/#\\\/schema\\\/person\\\/dac14b4895dd5502226083a88d200b56\",\"name\":\"Antonia\",\"image\":{\"@type\":\"ImageObject\",\"inLanguage\":\"de\",\"@id\":\"https:\\\/\\\/www.mehrenergie.ch\\\/wp-content\\\/uploads\\\/2019\\\/08\\\/IMG_0738.jpeg\",\"url\":\"https:\\\/\\\/www.mehrenergie.ch\\\/wp-content\\\/uploads\\\/2019\\\/08\\\/IMG_0738.jpeg\",\"contentUrl\":\"https:\\\/\\\/www.mehrenergie.ch\\\/wp-content\\\/uploads\\\/2019\\\/08\\\/IMG_0738.jpeg\",\"width\":321,\"height\":232,\"caption\":\"Antonia\"},\"logo\":{\"@id\":\"https:\\\/\\\/www.mehrenergie.ch\\\/wp-content\\\/uploads\\\/2019\\\/08\\\/IMG_0738.jpeg\"},\"sameAs\":[\"https:\\\/\\\/mehrenergie.ch\"]}]}<\/script>\n<!-- \/ Yoast SEO plugin. -->","yoast_head_json":{"title":"IBP K\u00f6rperpsychotherapie | Antonia Somm Schaffhausen","description":"Ganzheitliche Heilung durch Integrative K\u00f6rperpsychotherapie (IBP) bei Antonia Somm in Schaffhausen. K\u00f6rper und Psyche im Einklang.","robots":{"index":"index","follow":"follow","max-snippet":"max-snippet:-1","max-image-preview":"max-image-preview:large","max-video-preview":"max-video-preview:-1"},"canonical":"https:\/\/www.mehrenergie.ch\/index.php\/integrative-koerperpsychotherapie-ibp\/","og_locale":"de_DE","og_type":"article","og_title":"IBP K\u00f6rperpsychotherapie | Antonia Somm Schaffhausen","og_description":"Ganzheitliche Heilung durch Integrative K\u00f6rperpsychotherapie (IBP) bei Antonia Somm in Schaffhausen. K\u00f6rper und Psyche im Einklang.","og_url":"https:\/\/www.mehrenergie.ch\/index.php\/integrative-koerperpsychotherapie-ibp\/","og_site_name":"mehrenergie","article_modified_time":"2025-01-07T09:35:48+00:00","og_image":[{"width":765,"height":1024,"url":"https:\/\/www.mehrenergie.ch\/wp-content\/uploads\/2021\/08\/IMG_1508-765x1024.jpg","type":"image\/jpeg"}],"twitter_card":"summary_large_image","twitter_misc":{"Gesch\u00e4tzte Lesezeit":"1\u00a0Minute"},"schema":{"@context":"https:\/\/schema.org","@graph":[{"@type":"WebPage","@id":"https:\/\/www.mehrenergie.ch\/index.php\/integrative-koerperpsychotherapie-ibp\/","url":"https:\/\/www.mehrenergie.ch\/index.php\/integrative-koerperpsychotherapie-ibp\/","name":"IBP K\u00f6rperpsychotherapie | Antonia Somm Schaffhausen","isPartOf":{"@id":"https:\/\/www.mehrenergie.ch\/#website"},"primaryImageOfPage":{"@id":"https:\/\/www.mehrenergie.ch\/index.php\/integrative-koerperpsychotherapie-ibp\/#primaryimage"},"image":{"@id":"https:\/\/www.mehrenergie.ch\/index.php\/integrative-koerperpsychotherapie-ibp\/#primaryimage"},"thumbnailUrl":"https:\/\/www.mehrenergie.ch\/wp-content\/uploads\/2021\/08\/IMG_1508-scaled.jpg","datePublished":"2017-01-20T20:36:20+00:00","dateModified":"2025-01-07T09:35:48+00:00","description":"Ganzheitliche Heilung durch Integrative K\u00f6rperpsychotherapie (IBP) bei Antonia Somm in Schaffhausen. K\u00f6rper und Psyche im Einklang.","breadcrumb":{"@id":"https:\/\/www.mehrenergie.ch\/index.php\/integrative-koerperpsychotherapie-ibp\/#breadcrumb"},"inLanguage":"de","potentialAction":[{"@type":"ReadAction","target":["https:\/\/www.mehrenergie.ch\/index.php\/integrative-koerperpsychotherapie-ibp\/"]}]},{"@type":"ImageObject","inLanguage":"de","@id":"https:\/\/www.mehrenergie.ch\/index.php\/integrative-koerperpsychotherapie-ibp\/#primaryimage","url":"https:\/\/www.mehrenergie.ch\/wp-content\/uploads\/2021\/08\/IMG_1508-scaled.jpg","contentUrl":"https:\/\/www.mehrenergie.ch\/wp-content\/uploads\/2021\/08\/IMG_1508-scaled.jpg","width":1912,"height":2560},{"@type":"BreadcrumbList","@id":"https:\/\/www.mehrenergie.ch\/index.php\/integrative-koerperpsychotherapie-ibp\/#breadcrumb","itemListElement":[{"@type":"ListItem","position":1,"name":"Startseite","item":"https:\/\/www.mehrenergie.ch\/"},{"@type":"ListItem","position":2,"name":"Integrative K\u00f6rperpsychotherapie IBP"}]},{"@type":"WebSite","@id":"https:\/\/www.mehrenergie.ch\/#website","url":"https:\/\/www.mehrenergie.ch\/","name":"mehrenergie","description":"Kurse und Einzelsitzungen f\u00fcr mehr Gesundheit und Wohlbefinden, mehr Lebensfreude und Kreativit\u00e4t.","publisher":{"@id":"https:\/\/www.mehrenergie.ch\/#\/schema\/person\/dac14b4895dd5502226083a88d200b56"},"alternateName":"mehrenergie","potentialAction":[{"@type":"SearchAction","target":{"@type":"EntryPoint","urlTemplate":"https:\/\/www.mehrenergie.ch\/?s={search_term_string}"},"query-input":{"@type":"PropertyValueSpecification","valueRequired":true,"valueName":"search_term_string"}}],"inLanguage":"de"},{"@type":["Person","Organization"],"@id":"https:\/\/www.mehrenergie.ch\/#\/schema\/person\/dac14b4895dd5502226083a88d200b56","name":"Antonia","image":{"@type":"ImageObject","inLanguage":"de","@id":"https:\/\/www.mehrenergie.ch\/wp-content\/uploads\/2019\/08\/IMG_0738.jpeg","url":"https:\/\/www.mehrenergie.ch\/wp-content\/uploads\/2019\/08\/IMG_0738.jpeg","contentUrl":"https:\/\/www.mehrenergie.ch\/wp-content\/uploads\/2019\/08\/IMG_0738.jpeg","width":321,"height":232,"caption":"Antonia"},"logo":{"@id":"https:\/\/www.mehrenergie.ch\/wp-content\/uploads\/2019\/08\/IMG_0738.jpeg"},"sameAs":["https:\/\/mehrenergie.ch"]}]}},"_links":{"self":[{"href":"https:\/\/www.mehrenergie.ch\/index.php\/wp-json\/wp\/v2\/pages\/2122","targetHints":{"allow":["GET"]}}],"collection":[{"href":"https:\/\/www.mehrenergie.ch\/index.php\/wp-json\/wp\/v2\/pages"}],"about":[{"href":"https:\/\/www.mehrenergie.ch\/index.php\/wp-json\/wp\/v2\/types\/page"}],"author":[{"embeddable":true,"href":"https:\/\/www.mehrenergie.ch\/index.php\/wp-json\/wp\/v2\/users\/1"}],"replies":[{"embeddable":true,"href":"https:\/\/www.mehrenergie.ch\/index.php\/wp-json\/wp\/v2\/comments?post=2122"}],"version-history":[{"count":0,"href":"https:\/\/www.mehrenergie.ch\/index.php\/wp-json\/wp\/v2\/pages\/2122\/revisions"}],"wp:featuredmedia":[{"embeddable":true,"href":"https:\/\/www.mehrenergie.ch\/index.php\/wp-json\/wp\/v2\/media\/2932"}],"wp:attachment":[{"href":"https:\/\/www.mehrenergie.ch\/index.php\/wp-json\/wp\/v2\/media?parent=2122"}],"curies":[{"name":"wp","href":"https:\/\/api.w.org\/{rel}","templated":true}]}}