{"id":594,"date":"2014-10-14T12:06:12","date_gmt":"2014-10-14T10:06:12","guid":{"rendered":"http:\/\/mehrenergie.christof-taeschler.ch\/wordpress\/?page_id=594"},"modified":"2024-12-13T01:19:50","modified_gmt":"2024-12-12T23:19:50","slug":"polarity","status":"publish","type":"page","link":"https:\/\/www.mehrenergie.ch\/index.php\/polarity\/","title":{"rendered":"Polarity"},"content":{"rendered":"<div class=\"kursangebot_wrapper\"><\/p>\n<h3><b>Einzelsitzungen<br \/>\n<\/b><\/h3>\n<p>Polarity, Trauma-Heilung (SE) und Gespr\u00e4chsbegleitung<\/p>\n<p>(Kassen-anerkannt)<b><br \/>\n<\/b><\/p>\n<p>Termine nach Vereinbarung<\/p>\n<p><a href=\"http:\/\/www.polarity-schweiz.ch\/\">Link:<\/a> Polarity-Verband-Schweiz<\/p>\n<p><a href=\"\/index.php\/anmeldung\"  class=\"btn default btn-small\" target=\"\"> Anmeldung <\/a><\/div>\n<h4>Sich k\u00f6rperlich und seelisch wohl f\u00fchlen:<\/h4>\n<p><span class=\"text_rot\">Polarity ist bestrebt, k\u00f6rperliche St\u00f6rungen und Ungleichgewichte im Energiesystem aufzusp\u00fcren und zu vermindern. Dabei wird der Energiefluss angeregt und Blockaden aufgel\u00f6st. Polarity steigert das k\u00f6rperliche und seelische Wohlbefinden und unterst\u00fctzt einen ganzheitlichen Umgang mit dir selbst. Diese Methode eignet sich auch um in Stresssituationen und bei Ersch\u00f6pfungszust\u00e4nden wieder Kraft zu sch\u00f6pfen und neue Ressourcen zu finden.<br \/>\n<\/span><\/p>\n<hr \/>\n<p><span class=\"text_rot\">\u00a0<\/span><strong><span class=\"text_rot\"><br \/>\n<\/span><\/strong><\/p>\n<h4>Polarity ist eine Komplement\u00e4r-Methode:<\/h4>\n<p><span class=\"text\">Polarity geh\u00f6rt zu einer der Methoden der <a href=\"http:\/\/www.oda-kt.ch\/beruf-komplementartherapie\/\" target=\"_blank\" rel=\"noopener\">Komplement\u00e4r-Therapie<\/a> und ist von den <strong>KK-Zusatzversicherungen anerkannt<\/strong>. Polarity betrachtet den Menschen als<\/span> <strong>Einheit von K\u00f6rper, Seele und Geist<\/strong>, die untrennbar miteinander verbunden sind und mit dem Umfeld der Person in Wechselwirkung stehen. Jeder Mensch ist in seiner Art einzigartig. Seine Lebensgestaltung, sein Erleben von Gesundheit und Krankheit und seine Selbstregulation sind individuell.<\/p>\n<hr \/>\n<h4><strong>Die f\u00fcnf Bereiche von Polarity:<\/strong><\/h4>\n<p><span class=\"text\">Die Methode umfasst f\u00fcnf Bereiche: Die <strong>K\u00f6rperbehandlung<\/strong> auf der Liege, <strong>das<\/strong> <strong>Gespr\u00e4ch, Yoga-\u00dcbungen<\/strong>, <strong>Ern\u00e4hrungsberatung <\/strong>basierend auf den 5 Elemente-Qualit\u00e4ten und <strong>Achtsamkeit<\/strong> als Grundhaltung.<\/span><\/p>\n<hr \/>\n<h4><strong>Die<\/strong> <span class=\"text\"><strong>K\u00f6rperbehandlung:<\/strong><\/span><\/h4>\n<p><span class=\"text\">Diese K\u00f6rperarbeit basiert auf dem Wissen von anatomischen aber auch von den energetischen Zusammenh\u00e4ngen (feinstoffliche Energiebahnen, die Elementenlehre usw.). Der Klient liegt bekleidet auf einer bequemen Liege. Es kommen sanfte Druck- und Schaukeltechniken, tiefere Bindegewebsarbeit (Griffe), Dehnungen und sanfte Ber\u00fchrungstechniken aus der craniosacralen Arbeit zur Anwendung.<br \/>\n<\/span><\/p>\n<hr \/>\n<p><span class=\"text\"><b>Polarity eignet sich f\u00fcr Menschen jeden Alters. Auch Babys reagieren gut auf die sanfte, harmonisierende Arbeit.<\/b><\/span><\/p>\n<p><a href=\"\/wp-content\/uploads\/2014\/10\/Behandlung-Polarity-hp19.jpg\"><img loading=\"lazy\" decoding=\"async\" width=\"500\" height=\"366\" class=\"alignleft wp-image-7 size-full\" src=\"https:\/\/www.mehrenergie.ch\/wp-content\/uploads\/2014\/10\/Behandlung-Polarity-hp19.jpg\" alt=\"polarity_hp_19\" srcset=\"https:\/\/www.mehrenergie.ch\/wp-content\/uploads\/2014\/10\/Behandlung-Polarity-hp19.jpg 500w, https:\/\/www.mehrenergie.ch\/wp-content\/uploads\/2014\/10\/Behandlung-Polarity-hp19-300x219.jpg 300w\" sizes=\"auto, (max-width: 500px) 100vw, 500px\" \/><\/a><\/p>\n<h4><span class=\"text\"><b>Anwendungsbereich von Polarity:<br \/>\n<\/b><\/span><\/h4>\n<ul>\n<li>bei somatischen und psychosomatischen Beschwerden<\/li>\n<li>bei Befindlichkeitsst\u00f6rungen aller Art<\/li>\n<li>bei medizinisch abgekl\u00e4rten funktionellen Gesundheitsst\u00f6rungen oder diffusen Beschwerden, welche bisher keiner medizinischen Diagnose zugeordnet werden k\u00f6nnen<\/li>\n<li>bei medizinisch abgekl\u00e4rten Krankheiten und Behinderungen<\/li>\n<li>nach Unf\u00e4llen und medizinischen Eingriffen zur Rehabilitation.<\/li>\n<\/ul>\n<p><strong>M\u00f6gliche Beschwerden:<\/strong><\/p>\n<ul>\n<li>\u00a0<span class=\"text\">allgemeine M\u00fcdigkeit<\/span><\/li>\n<li>\u00a0<span class=\"text\">Burn out-Syndrom<\/span><\/li>\n<li>\u00a0<span class=\"text\">Nervosit\u00e4t\/ Stresssymtome<\/span><\/li>\n<li>\u00a0<span class=\"text\">Schlafst\u00f6rungen<\/span><\/li>\n<li>\u00a0<span class=\"text\">Atemprobleme<\/span><\/li>\n<li>\u00a0<span class=\"text\">Verdauungsst\u00f6rungen<\/span><\/li>\n<li>\u00a0<span class=\"text\">R\u00fccken- &amp; Nackenschmerzen<\/span><\/li>\n<li>\u00a0<span class=\"text\">Migr\u00e4ne<\/span><\/li>\n<\/ul>\n<h4>Die Methode:<\/h4>\n<p><span class=\"text\"><strong>Die Polarity-Methode hat ein breites, fundiertes Wissen<\/strong> aus der chinesischen Akupunktur, dem indischen Ayurveda und der westlichen Medizin.<br \/>\nBegr\u00fcnder der Polarit\u00e4tsTherapie ist <strong>Dr. Randolph Stone (1890-1981).<\/strong> Er war Chiropraktor, Osteopat und Naturheilarzt. Polarity baut auf der 5- Elementenlehre, den Prinzipien von Yin und Yang, der physiologischen und energetischen Anatomie auf. <a href=\"http:\/\/www.polarity.ch\/index.php?id=011104&amp;l=de\" target=\"_blank\" rel=\"noopener\">Dr. Jim Field<\/a> und <a href=\"http:\/\/www.polarity.ch\/index.php?id=011109&amp;l=de\" target=\"_blank\" rel=\"noopener\">Cindy Rawlinson<\/a> hatten das Gl\u00fcck bei Dr. Stone pers\u00f6nlich zu lernen und waren meine beiden Hauptlehrer in der Fachausbildung am <a href=\"http:\/\/www.polarity.ch\/\" target=\"_blank\" rel=\"noopener\">PBZ Z\u00fcrich<\/a>, die ich im Juli 2002 abgeschlossen habe.<\/span><\/p>\n<hr \/>\n<p><span style=\"text-decoration: underline;\">\u00a0<\/span><\/p>\n<h4><strong>Das begleitende Gespr\u00e4ch:<\/strong><\/h4>\n<p>Ziele und Behandlungsschwerpunkte werden gemeinsam formuliert. Durch das Gespr\u00e4ch wird der Prozess positiv unterst\u00fctzt. Es hilft bei der Verarbeitung und Kl\u00e4rung von pers\u00f6nlichen Anliegen und Entscheidungsprozessen aber auch bei der Aufarbeitung von traumatischen Erlebnissen. Der Ansatz ist ressourcen- und l\u00f6sungsorientiert. Die gemachten Erfahrungen und gewonnenen Erkenntnisse sollen im Alltag umgesetzt werden k\u00f6nnen.<\/p>\n<hr \/>\n<h4><strong>Fragen zur Ern\u00e4hrung:<\/strong><\/h4>\n<p><span class=\"text\">Polarity unterst\u00fctzt dich deine individuelle, energetisch auf deine Konstitution abgestimmte Ern\u00e4hrung zu finden. Zudem gibt es eine von Dr. Stone entwickelte Reinigungsdi\u00e4t zur Entschlackung und Revitalisierung, die 1-2 mal pro Jahr angewendet die Vitalkr\u00e4fte unterst\u00fctzt. Siehe Reinigungsfasten Fr\u00fchling 2015: <a href=\"\/wp-content\/uploads\/2014\/11\/Fastenprospekt-neu-2015.pdf\">Jetzt PDF herunterladen.<\/a><\/span><\/p>\n<hr \/>\n<h4><span class=\"text\"><strong>K\u00f6rper\u00fcbungen:<\/strong><\/span><\/h4>\n<p><span class=\"text\">Individuell f\u00fcr dich zusammengestellte K\u00f6rper\u00fcbungen aus dem Polarity-Yoga unterst\u00fctzen zus\u00e4tzlich deine Gesundheit.<\/span><\/p>\n<hr \/>\n<h4><strong>Berufsqualifikation Komlement\u00e4rTherapeutin<\/strong><\/h4>\n<p>In der <a href=\"http:\/\/www.oda-kt.ch\/\" target=\"_blank\" rel=\"noopener\">OdA KT \u00a0<\/a>haben sich Berufsverb\u00e4nde mit ihren angeschlossenen Ausbildungsinstituten zusammengeschlossen um den neuen Beruf Komplement\u00e4rTherapeutin\/Komplement\u00e4rTherapeut zu schaffen. Ich habe im Januar 2014 zus\u00e4tzlich das Branchendiplom der OdAKT erworben.<\/p>\n<p>Ich bin Mitglied <a href=\"http:\/\/www.polarityverband.ch\/\" target=\"_blank\" rel=\"noopener\">POVS<\/a> und <a href=\"http:\/\/www.emr.ch\/\" target=\"_blank\" rel=\"noopener\">EMR- <\/a>anerkannt.<\/p>\n","protected":false},"excerpt":{"rendered":"<p>Sich k\u00f6rperlich und seelisch wohl f\u00fchlen: Polarity ist bestrebt, k\u00f6rperliche St\u00f6rungen und Ungleichgewichte im Energiesystem aufzusp\u00fcren und zu vermindern. Dabei wird der Energiefluss angeregt und Blockaden aufgel\u00f6st. Polarity steigert das&#8230;<\/p>\n","protected":false},"author":1,"featured_media":971,"parent":0,"menu_order":0,"comment_status":"closed","ping_status":"closed","template":"","meta":{"footnotes":""},"class_list":["post-594","page","type-page","status-publish","has-post-thumbnail","hentry"],"yoast_head":"<!-- This site is optimized with the Yoast SEO plugin v27.4 - https:\/\/yoast.com\/product\/yoast-seo-wordpress\/ -->\n<title>Polarity Therapie Schaffhausen | Energetische Heilung | Antonia Somm<\/title>\n<meta name=\"description\" content=\"Erleben Sie kraftvolle Polarity Therapie in Schaffhausen. Antonia Somm l\u00f6st Energieblockaden und steigert Ihr Wohlbefinden. mehrenergie\" \/>\n<meta name=\"robots\" content=\"index, follow, max-snippet:-1, max-image-preview:large, max-video-preview:-1\" \/>\n<link rel=\"canonical\" href=\"https:\/\/www.mehrenergie.ch\/index.php\/polarity\/\" \/>\n<meta property=\"og:locale\" content=\"de_DE\" \/>\n<meta property=\"og:type\" content=\"article\" \/>\n<meta property=\"og:title\" content=\"Polarity Therapie Schaffhausen | Energetische Heilung | Antonia Somm\" \/>\n<meta property=\"og:description\" content=\"Erleben Sie kraftvolle Polarity Therapie in Schaffhausen. Antonia Somm l\u00f6st Energieblockaden und steigert Ihr Wohlbefinden. mehrenergie\" \/>\n<meta property=\"og:url\" content=\"https:\/\/www.mehrenergie.ch\/index.php\/polarity\/\" \/>\n<meta property=\"og:site_name\" content=\"mehrenergie\" \/>\n<meta property=\"article:modified_time\" content=\"2024-12-12T23:19:50+00:00\" \/>\n<meta property=\"og:image\" content=\"https:\/\/www.mehrenergie.ch\/wp-content\/uploads\/2014\/10\/P1020789.jpg\" \/>\n\t<meta property=\"og:image:width\" content=\"1219\" \/>\n\t<meta property=\"og:image:height\" content=\"813\" \/>\n\t<meta property=\"og:image:type\" content=\"image\/jpeg\" \/>\n<meta name=\"twitter:card\" content=\"summary_large_image\" \/>\n<meta name=\"twitter:label1\" content=\"Gesch\u00e4tzte Lesezeit\" \/>\n\t<meta name=\"twitter:data1\" content=\"4\u00a0Minuten\" \/>\n<script type=\"application\/ld+json\" class=\"yoast-schema-graph\">{\"@context\":\"https:\\\/\\\/schema.org\",\"@graph\":[{\"@type\":\"WebPage\",\"@id\":\"https:\\\/\\\/www.mehrenergie.ch\\\/index.php\\\/polarity\\\/\",\"url\":\"https:\\\/\\\/www.mehrenergie.ch\\\/index.php\\\/polarity\\\/\",\"name\":\"Polarity Therapie Schaffhausen | Energetische Heilung | Antonia Somm\",\"isPartOf\":{\"@id\":\"https:\\\/\\\/www.mehrenergie.ch\\\/#website\"},\"primaryImageOfPage\":{\"@id\":\"https:\\\/\\\/www.mehrenergie.ch\\\/index.php\\\/polarity\\\/#primaryimage\"},\"image\":{\"@id\":\"https:\\\/\\\/www.mehrenergie.ch\\\/index.php\\\/polarity\\\/#primaryimage\"},\"thumbnailUrl\":\"https:\\\/\\\/www.mehrenergie.ch\\\/wp-content\\\/uploads\\\/2014\\\/10\\\/P1020789.jpg\",\"datePublished\":\"2014-10-14T10:06:12+00:00\",\"dateModified\":\"2024-12-12T23:19:50+00:00\",\"description\":\"Erleben Sie kraftvolle Polarity Therapie in Schaffhausen. Antonia Somm l\u00f6st Energieblockaden und steigert Ihr Wohlbefinden. mehrenergie\",\"breadcrumb\":{\"@id\":\"https:\\\/\\\/www.mehrenergie.ch\\\/index.php\\\/polarity\\\/#breadcrumb\"},\"inLanguage\":\"de\",\"potentialAction\":[{\"@type\":\"ReadAction\",\"target\":[\"https:\\\/\\\/www.mehrenergie.ch\\\/index.php\\\/polarity\\\/\"]}]},{\"@type\":\"ImageObject\",\"inLanguage\":\"de\",\"@id\":\"https:\\\/\\\/www.mehrenergie.ch\\\/index.php\\\/polarity\\\/#primaryimage\",\"url\":\"https:\\\/\\\/www.mehrenergie.ch\\\/wp-content\\\/uploads\\\/2014\\\/10\\\/P1020789.jpg\",\"contentUrl\":\"https:\\\/\\\/www.mehrenergie.ch\\\/wp-content\\\/uploads\\\/2014\\\/10\\\/P1020789.jpg\",\"width\":1219,\"height\":813},{\"@type\":\"BreadcrumbList\",\"@id\":\"https:\\\/\\\/www.mehrenergie.ch\\\/index.php\\\/polarity\\\/#breadcrumb\",\"itemListElement\":[{\"@type\":\"ListItem\",\"position\":1,\"name\":\"Startseite\",\"item\":\"https:\\\/\\\/www.mehrenergie.ch\\\/\"},{\"@type\":\"ListItem\",\"position\":2,\"name\":\"Polarity\"}]},{\"@type\":\"WebSite\",\"@id\":\"https:\\\/\\\/www.mehrenergie.ch\\\/#website\",\"url\":\"https:\\\/\\\/www.mehrenergie.ch\\\/\",\"name\":\"mehrenergie\",\"description\":\"Kurse und Einzelsitzungen f\u00fcr mehr Gesundheit und Wohlbefinden, mehr Lebensfreude und Kreativit\u00e4t.\",\"publisher\":{\"@id\":\"https:\\\/\\\/www.mehrenergie.ch\\\/#\\\/schema\\\/person\\\/dac14b4895dd5502226083a88d200b56\"},\"alternateName\":\"mehrenergie\",\"potentialAction\":[{\"@type\":\"SearchAction\",\"target\":{\"@type\":\"EntryPoint\",\"urlTemplate\":\"https:\\\/\\\/www.mehrenergie.ch\\\/?s={search_term_string}\"},\"query-input\":{\"@type\":\"PropertyValueSpecification\",\"valueRequired\":true,\"valueName\":\"search_term_string\"}}],\"inLanguage\":\"de\"},{\"@type\":[\"Person\",\"Organization\"],\"@id\":\"https:\\\/\\\/www.mehrenergie.ch\\\/#\\\/schema\\\/person\\\/dac14b4895dd5502226083a88d200b56\",\"name\":\"Antonia\",\"image\":{\"@type\":\"ImageObject\",\"inLanguage\":\"de\",\"@id\":\"https:\\\/\\\/www.mehrenergie.ch\\\/wp-content\\\/uploads\\\/2019\\\/08\\\/IMG_0738.jpeg\",\"url\":\"https:\\\/\\\/www.mehrenergie.ch\\\/wp-content\\\/uploads\\\/2019\\\/08\\\/IMG_0738.jpeg\",\"contentUrl\":\"https:\\\/\\\/www.mehrenergie.ch\\\/wp-content\\\/uploads\\\/2019\\\/08\\\/IMG_0738.jpeg\",\"width\":321,\"height\":232,\"caption\":\"Antonia\"},\"logo\":{\"@id\":\"https:\\\/\\\/www.mehrenergie.ch\\\/wp-content\\\/uploads\\\/2019\\\/08\\\/IMG_0738.jpeg\"},\"sameAs\":[\"https:\\\/\\\/mehrenergie.ch\"]}]}<\/script>\n<!-- \/ Yoast SEO plugin. -->","yoast_head_json":{"title":"Polarity Therapie Schaffhausen | Energetische Heilung | Antonia Somm","description":"Erleben Sie kraftvolle Polarity Therapie in Schaffhausen. Antonia Somm l\u00f6st Energieblockaden und steigert Ihr Wohlbefinden. mehrenergie","robots":{"index":"index","follow":"follow","max-snippet":"max-snippet:-1","max-image-preview":"max-image-preview:large","max-video-preview":"max-video-preview:-1"},"canonical":"https:\/\/www.mehrenergie.ch\/index.php\/polarity\/","og_locale":"de_DE","og_type":"article","og_title":"Polarity Therapie Schaffhausen | Energetische Heilung | Antonia Somm","og_description":"Erleben Sie kraftvolle Polarity Therapie in Schaffhausen. Antonia Somm l\u00f6st Energieblockaden und steigert Ihr Wohlbefinden. mehrenergie","og_url":"https:\/\/www.mehrenergie.ch\/index.php\/polarity\/","og_site_name":"mehrenergie","article_modified_time":"2024-12-12T23:19:50+00:00","og_image":[{"width":1219,"height":813,"url":"https:\/\/www.mehrenergie.ch\/wp-content\/uploads\/2014\/10\/P1020789.jpg","type":"image\/jpeg"}],"twitter_card":"summary_large_image","twitter_misc":{"Gesch\u00e4tzte Lesezeit":"4\u00a0Minuten"},"schema":{"@context":"https:\/\/schema.org","@graph":[{"@type":"WebPage","@id":"https:\/\/www.mehrenergie.ch\/index.php\/polarity\/","url":"https:\/\/www.mehrenergie.ch\/index.php\/polarity\/","name":"Polarity Therapie Schaffhausen | Energetische Heilung | Antonia Somm","isPartOf":{"@id":"https:\/\/www.mehrenergie.ch\/#website"},"primaryImageOfPage":{"@id":"https:\/\/www.mehrenergie.ch\/index.php\/polarity\/#primaryimage"},"image":{"@id":"https:\/\/www.mehrenergie.ch\/index.php\/polarity\/#primaryimage"},"thumbnailUrl":"https:\/\/www.mehrenergie.ch\/wp-content\/uploads\/2014\/10\/P1020789.jpg","datePublished":"2014-10-14T10:06:12+00:00","dateModified":"2024-12-12T23:19:50+00:00","description":"Erleben Sie kraftvolle Polarity Therapie in Schaffhausen. Antonia Somm l\u00f6st Energieblockaden und steigert Ihr Wohlbefinden. mehrenergie","breadcrumb":{"@id":"https:\/\/www.mehrenergie.ch\/index.php\/polarity\/#breadcrumb"},"inLanguage":"de","potentialAction":[{"@type":"ReadAction","target":["https:\/\/www.mehrenergie.ch\/index.php\/polarity\/"]}]},{"@type":"ImageObject","inLanguage":"de","@id":"https:\/\/www.mehrenergie.ch\/index.php\/polarity\/#primaryimage","url":"https:\/\/www.mehrenergie.ch\/wp-content\/uploads\/2014\/10\/P1020789.jpg","contentUrl":"https:\/\/www.mehrenergie.ch\/wp-content\/uploads\/2014\/10\/P1020789.jpg","width":1219,"height":813},{"@type":"BreadcrumbList","@id":"https:\/\/www.mehrenergie.ch\/index.php\/polarity\/#breadcrumb","itemListElement":[{"@type":"ListItem","position":1,"name":"Startseite","item":"https:\/\/www.mehrenergie.ch\/"},{"@type":"ListItem","position":2,"name":"Polarity"}]},{"@type":"WebSite","@id":"https:\/\/www.mehrenergie.ch\/#website","url":"https:\/\/www.mehrenergie.ch\/","name":"mehrenergie","description":"Kurse und Einzelsitzungen f\u00fcr mehr Gesundheit und Wohlbefinden, mehr Lebensfreude und Kreativit\u00e4t.","publisher":{"@id":"https:\/\/www.mehrenergie.ch\/#\/schema\/person\/dac14b4895dd5502226083a88d200b56"},"alternateName":"mehrenergie","potentialAction":[{"@type":"SearchAction","target":{"@type":"EntryPoint","urlTemplate":"https:\/\/www.mehrenergie.ch\/?s={search_term_string}"},"query-input":{"@type":"PropertyValueSpecification","valueRequired":true,"valueName":"search_term_string"}}],"inLanguage":"de"},{"@type":["Person","Organization"],"@id":"https:\/\/www.mehrenergie.ch\/#\/schema\/person\/dac14b4895dd5502226083a88d200b56","name":"Antonia","image":{"@type":"ImageObject","inLanguage":"de","@id":"https:\/\/www.mehrenergie.ch\/wp-content\/uploads\/2019\/08\/IMG_0738.jpeg","url":"https:\/\/www.mehrenergie.ch\/wp-content\/uploads\/2019\/08\/IMG_0738.jpeg","contentUrl":"https:\/\/www.mehrenergie.ch\/wp-content\/uploads\/2019\/08\/IMG_0738.jpeg","width":321,"height":232,"caption":"Antonia"},"logo":{"@id":"https:\/\/www.mehrenergie.ch\/wp-content\/uploads\/2019\/08\/IMG_0738.jpeg"},"sameAs":["https:\/\/mehrenergie.ch"]}]}},"_links":{"self":[{"href":"https:\/\/www.mehrenergie.ch\/index.php\/wp-json\/wp\/v2\/pages\/594","targetHints":{"allow":["GET"]}}],"collection":[{"href":"https:\/\/www.mehrenergie.ch\/index.php\/wp-json\/wp\/v2\/pages"}],"about":[{"href":"https:\/\/www.mehrenergie.ch\/index.php\/wp-json\/wp\/v2\/types\/page"}],"author":[{"embeddable":true,"href":"https:\/\/www.mehrenergie.ch\/index.php\/wp-json\/wp\/v2\/users\/1"}],"replies":[{"embeddable":true,"href":"https:\/\/www.mehrenergie.ch\/index.php\/wp-json\/wp\/v2\/comments?post=594"}],"version-history":[{"count":0,"href":"https:\/\/www.mehrenergie.ch\/index.php\/wp-json\/wp\/v2\/pages\/594\/revisions"}],"wp:featuredmedia":[{"embeddable":true,"href":"https:\/\/www.mehrenergie.ch\/index.php\/wp-json\/wp\/v2\/media\/971"}],"wp:attachment":[{"href":"https:\/\/www.mehrenergie.ch\/index.php\/wp-json\/wp\/v2\/media?parent=594"}],"curies":[{"name":"wp","href":"https:\/\/api.w.org\/{rel}","templated":true}]}}