{"id":951,"date":"2014-12-01T11:33:27","date_gmt":"2014-12-01T09:33:27","guid":{"rendered":"http:\/\/mehrenergie.ch\/wordpress\/?page_id=951"},"modified":"2025-10-27T15:33:43","modified_gmt":"2025-10-27T13:33:43","slug":"links-und-adressen","status":"publish","type":"page","link":"https:\/\/www.mehrenergie.ch\/index.php\/links-und-adressen\/","title":{"rendered":"Links und Adressen"},"content":{"rendered":"<hr \/>\n<p>Polarity Verband Schweiz<br \/>\nHochfarbstr. 2<br \/>\n8006 Z\u00fcrich<\/p>\n<p><a href=\"http:\/\/www.polarityverband.ch\" target=\"_blank\" rel=\"noopener\"><span style=\"color: #000000;\">http:\/\/www.polarityverband.ch<\/span><\/a><\/p>\n<hr \/>\n<p>Polarity Bildungszentrum AG<br \/>\nZentrum f\u00fcr Innere \u00d6kologie AG<br \/>\nZwinglistrasse 21<br \/>\n8004 Z\u00fcrich<\/p>\n<p><a href=\"http:\/\/www.polarity.ch\" target=\"_blank\" rel=\"noopener\"><span style=\"color: #000000;\">http:\/\/www.polarity.ch<\/span><\/a><\/p>\n<p><span style=\"color: #000000;\">https:\/\/www.polarity.se\/de\/zio<\/span><\/p>\n<hr \/>\n<p>Dachverband Xund<br \/>\nf\u00fcr nat\u00fcrliche Heilmethoden in der Komplement\u00e4rtherapie<br \/>\n<a href=\"http:\/\/www.xund.ch\" target=\"_blank\" rel=\"noopener\"><span style=\"color: #000000;\"> http:\/\/www.xund.ch<\/span><\/a><\/p>\n<hr \/>\n<p>Yoga Schweiz<br \/>\n<span style=\"color: #000000;\"><a style=\"color: #000000;\" href=\"http:\/\/yoga.ch\" target=\"_blank\" rel=\"noopener\"> http:\/\/yoga.ch<\/a><\/span><\/p>\n<hr \/>\n<p>Tamalpa Germany<br \/>\nKatrin Stelter \/ Petra Eischeid<br \/>\nDreik\u00f6nigstrasse 58<br \/>\n79102 Freiburg<\/p>\n<p><a href=\"http:\/\/www.Tamalpa-germany.de\" target=\"_blank\" rel=\"noopener\"><span style=\"color: #000000;\">http:\/\/www.Tamalpa-germany.de<\/span><\/a><\/p>\n<hr \/>\n<p>International Somatic Movement Education &amp; Therapy Association (ISMETA)<br \/>\n<span style=\"color: #000000;\"><a style=\"color: #000000;\" href=\"http:\/\/www.ismeta.org\" target=\"_blank\" rel=\"noopener\"> http:\/\/www.ismeta.org<\/a><\/span><\/p>\n<hr \/>\n<p>European Graduate School, Paolo Knill<br \/>\n<a href=\"http:\/\/www.expressivearts.egs.edu\" target=\"_blank\" rel=\"noopener\"><span style=\"color: #000000;\"> http:\/\/www.expressivearts.egs.edu<\/span><\/a><\/p>\n<hr \/>\n<p>cfm Zentrum f\u00fcr Achtsamkeit \/ 8032 Z\u00fcrich<\/p>\n<p><span style=\"color: #000000;\">http:\/\/www.centerformindfullness.ch<\/span><\/p>\n<p>International Expressive Arts Therapy Association (IEATA)<br \/>\n<a href=\"http:\/\/www.ieata.org\" target=\"_blank\" rel=\"noopener\"> http:\/\/www.ieata.org<\/a><\/p>\n","protected":false},"excerpt":{"rendered":"<p>Polarity Verband Schweiz Hochfarbstr. 2 8006 Z\u00fcrich http:\/\/www.polarityverband.ch Polarity Bildungszentrum AG Zentrum f\u00fcr Innere \u00d6kologie AG Zwinglistrasse 21 8004 Z\u00fcrich http:\/\/www.polarity.ch https:\/\/www.polarity.se\/de\/zio Dachverband Xund f\u00fcr nat\u00fcrliche Heilmethoden in der Komplement\u00e4rtherapie&#8230;<\/p>\n","protected":false},"author":1,"featured_media":967,"parent":0,"menu_order":0,"comment_status":"closed","ping_status":"closed","template":"","meta":{"footnotes":""},"class_list":["post-951","page","type-page","status-publish","has-post-thumbnail","hentry"],"yoast_head":"<!-- This site is optimized with the Yoast SEO plugin v27.4 - https:\/\/yoast.com\/product\/yoast-seo-wordpress\/ -->\n<title>Links und Adressen | Antonia Somm Schaffhausen | mehrenergie<\/title>\n<meta name=\"description\" content=\"Links und Adressen | Antonia Somm f\u00fcr ganzheitliche Heilung in Schaffhausen. Trauma-Heilung - Polarity - Yoga - Qi Gong - Tamalpa Life\" \/>\n<meta name=\"robots\" content=\"index, follow, max-snippet:-1, max-image-preview:large, max-video-preview:-1\" \/>\n<link rel=\"canonical\" href=\"https:\/\/www.mehrenergie.ch\/index.php\/links-und-adressen\/\" \/>\n<meta property=\"og:locale\" content=\"de_DE\" \/>\n<meta property=\"og:type\" content=\"article\" \/>\n<meta property=\"og:title\" content=\"Links und Adressen | Antonia Somm Schaffhausen | mehrenergie\" \/>\n<meta property=\"og:description\" content=\"Links und Adressen | Antonia Somm f\u00fcr ganzheitliche Heilung in Schaffhausen. Trauma-Heilung - Polarity - Yoga - Qi Gong - Tamalpa Life\" \/>\n<meta property=\"og:url\" content=\"https:\/\/www.mehrenergie.ch\/index.php\/links-und-adressen\/\" \/>\n<meta property=\"og:site_name\" content=\"mehrenergie\" \/>\n<meta property=\"article:modified_time\" content=\"2025-10-27T13:33:43+00:00\" \/>\n<meta property=\"og:image\" content=\"https:\/\/www.mehrenergie.ch\/wp-content\/uploads\/2014\/10\/P1020785.jpg\" \/>\n\t<meta property=\"og:image:width\" content=\"1219\" \/>\n\t<meta property=\"og:image:height\" content=\"813\" \/>\n\t<meta property=\"og:image:type\" content=\"image\/jpeg\" \/>\n<meta name=\"twitter:card\" content=\"summary_large_image\" \/>\n<meta name=\"twitter:label1\" content=\"Gesch\u00e4tzte Lesezeit\" \/>\n\t<meta name=\"twitter:data1\" content=\"1\u00a0Minute\" \/>\n<script type=\"application\/ld+json\" class=\"yoast-schema-graph\">{\"@context\":\"https:\\\/\\\/schema.org\",\"@graph\":[{\"@type\":\"WebPage\",\"@id\":\"https:\\\/\\\/www.mehrenergie.ch\\\/index.php\\\/links-und-adressen\\\/\",\"url\":\"https:\\\/\\\/www.mehrenergie.ch\\\/index.php\\\/links-und-adressen\\\/\",\"name\":\"Links und Adressen | Antonia Somm Schaffhausen | mehrenergie\",\"isPartOf\":{\"@id\":\"https:\\\/\\\/www.mehrenergie.ch\\\/#website\"},\"primaryImageOfPage\":{\"@id\":\"https:\\\/\\\/www.mehrenergie.ch\\\/index.php\\\/links-und-adressen\\\/#primaryimage\"},\"image\":{\"@id\":\"https:\\\/\\\/www.mehrenergie.ch\\\/index.php\\\/links-und-adressen\\\/#primaryimage\"},\"thumbnailUrl\":\"https:\\\/\\\/www.mehrenergie.ch\\\/wp-content\\\/uploads\\\/2014\\\/10\\\/P1020785.jpg\",\"datePublished\":\"2014-12-01T09:33:27+00:00\",\"dateModified\":\"2025-10-27T13:33:43+00:00\",\"description\":\"Links und Adressen | Antonia Somm f\u00fcr ganzheitliche Heilung in Schaffhausen. Trauma-Heilung - Polarity - Yoga - Qi Gong - Tamalpa Life\",\"breadcrumb\":{\"@id\":\"https:\\\/\\\/www.mehrenergie.ch\\\/index.php\\\/links-und-adressen\\\/#breadcrumb\"},\"inLanguage\":\"de\",\"potentialAction\":[{\"@type\":\"ReadAction\",\"target\":[\"https:\\\/\\\/www.mehrenergie.ch\\\/index.php\\\/links-und-adressen\\\/\"]}]},{\"@type\":\"ImageObject\",\"inLanguage\":\"de\",\"@id\":\"https:\\\/\\\/www.mehrenergie.ch\\\/index.php\\\/links-und-adressen\\\/#primaryimage\",\"url\":\"https:\\\/\\\/www.mehrenergie.ch\\\/wp-content\\\/uploads\\\/2014\\\/10\\\/P1020785.jpg\",\"contentUrl\":\"https:\\\/\\\/www.mehrenergie.ch\\\/wp-content\\\/uploads\\\/2014\\\/10\\\/P1020785.jpg\",\"width\":1219,\"height\":813},{\"@type\":\"BreadcrumbList\",\"@id\":\"https:\\\/\\\/www.mehrenergie.ch\\\/index.php\\\/links-und-adressen\\\/#breadcrumb\",\"itemListElement\":[{\"@type\":\"ListItem\",\"position\":1,\"name\":\"Startseite\",\"item\":\"https:\\\/\\\/www.mehrenergie.ch\\\/\"},{\"@type\":\"ListItem\",\"position\":2,\"name\":\"Links und Adressen\"}]},{\"@type\":\"WebSite\",\"@id\":\"https:\\\/\\\/www.mehrenergie.ch\\\/#website\",\"url\":\"https:\\\/\\\/www.mehrenergie.ch\\\/\",\"name\":\"mehrenergie\",\"description\":\"Kurse und Einzelsitzungen f\u00fcr mehr Gesundheit und Wohlbefinden, mehr Lebensfreude und Kreativit\u00e4t.\",\"publisher\":{\"@id\":\"https:\\\/\\\/www.mehrenergie.ch\\\/#\\\/schema\\\/person\\\/dac14b4895dd5502226083a88d200b56\"},\"alternateName\":\"mehrenergie\",\"potentialAction\":[{\"@type\":\"SearchAction\",\"target\":{\"@type\":\"EntryPoint\",\"urlTemplate\":\"https:\\\/\\\/www.mehrenergie.ch\\\/?s={search_term_string}\"},\"query-input\":{\"@type\":\"PropertyValueSpecification\",\"valueRequired\":true,\"valueName\":\"search_term_string\"}}],\"inLanguage\":\"de\"},{\"@type\":[\"Person\",\"Organization\"],\"@id\":\"https:\\\/\\\/www.mehrenergie.ch\\\/#\\\/schema\\\/person\\\/dac14b4895dd5502226083a88d200b56\",\"name\":\"Antonia\",\"image\":{\"@type\":\"ImageObject\",\"inLanguage\":\"de\",\"@id\":\"https:\\\/\\\/www.mehrenergie.ch\\\/wp-content\\\/uploads\\\/2019\\\/08\\\/IMG_0738.jpeg\",\"url\":\"https:\\\/\\\/www.mehrenergie.ch\\\/wp-content\\\/uploads\\\/2019\\\/08\\\/IMG_0738.jpeg\",\"contentUrl\":\"https:\\\/\\\/www.mehrenergie.ch\\\/wp-content\\\/uploads\\\/2019\\\/08\\\/IMG_0738.jpeg\",\"width\":321,\"height\":232,\"caption\":\"Antonia\"},\"logo\":{\"@id\":\"https:\\\/\\\/www.mehrenergie.ch\\\/wp-content\\\/uploads\\\/2019\\\/08\\\/IMG_0738.jpeg\"},\"sameAs\":[\"https:\\\/\\\/mehrenergie.ch\"]}]}<\/script>\n<!-- \/ Yoast SEO plugin. -->","yoast_head_json":{"title":"Links und Adressen | Antonia Somm Schaffhausen | mehrenergie","description":"Links und Adressen | Antonia Somm f\u00fcr ganzheitliche Heilung in Schaffhausen. Trauma-Heilung - Polarity - Yoga - Qi Gong - Tamalpa Life","robots":{"index":"index","follow":"follow","max-snippet":"max-snippet:-1","max-image-preview":"max-image-preview:large","max-video-preview":"max-video-preview:-1"},"canonical":"https:\/\/www.mehrenergie.ch\/index.php\/links-und-adressen\/","og_locale":"de_DE","og_type":"article","og_title":"Links und Adressen | Antonia Somm Schaffhausen | mehrenergie","og_description":"Links und Adressen | Antonia Somm f\u00fcr ganzheitliche Heilung in Schaffhausen. Trauma-Heilung - Polarity - Yoga - Qi Gong - Tamalpa Life","og_url":"https:\/\/www.mehrenergie.ch\/index.php\/links-und-adressen\/","og_site_name":"mehrenergie","article_modified_time":"2025-10-27T13:33:43+00:00","og_image":[{"width":1219,"height":813,"url":"https:\/\/www.mehrenergie.ch\/wp-content\/uploads\/2014\/10\/P1020785.jpg","type":"image\/jpeg"}],"twitter_card":"summary_large_image","twitter_misc":{"Gesch\u00e4tzte Lesezeit":"1\u00a0Minute"},"schema":{"@context":"https:\/\/schema.org","@graph":[{"@type":"WebPage","@id":"https:\/\/www.mehrenergie.ch\/index.php\/links-und-adressen\/","url":"https:\/\/www.mehrenergie.ch\/index.php\/links-und-adressen\/","name":"Links und Adressen | Antonia Somm Schaffhausen | mehrenergie","isPartOf":{"@id":"https:\/\/www.mehrenergie.ch\/#website"},"primaryImageOfPage":{"@id":"https:\/\/www.mehrenergie.ch\/index.php\/links-und-adressen\/#primaryimage"},"image":{"@id":"https:\/\/www.mehrenergie.ch\/index.php\/links-und-adressen\/#primaryimage"},"thumbnailUrl":"https:\/\/www.mehrenergie.ch\/wp-content\/uploads\/2014\/10\/P1020785.jpg","datePublished":"2014-12-01T09:33:27+00:00","dateModified":"2025-10-27T13:33:43+00:00","description":"Links und Adressen | Antonia Somm f\u00fcr ganzheitliche Heilung in Schaffhausen. Trauma-Heilung - Polarity - Yoga - Qi Gong - Tamalpa Life","breadcrumb":{"@id":"https:\/\/www.mehrenergie.ch\/index.php\/links-und-adressen\/#breadcrumb"},"inLanguage":"de","potentialAction":[{"@type":"ReadAction","target":["https:\/\/www.mehrenergie.ch\/index.php\/links-und-adressen\/"]}]},{"@type":"ImageObject","inLanguage":"de","@id":"https:\/\/www.mehrenergie.ch\/index.php\/links-und-adressen\/#primaryimage","url":"https:\/\/www.mehrenergie.ch\/wp-content\/uploads\/2014\/10\/P1020785.jpg","contentUrl":"https:\/\/www.mehrenergie.ch\/wp-content\/uploads\/2014\/10\/P1020785.jpg","width":1219,"height":813},{"@type":"BreadcrumbList","@id":"https:\/\/www.mehrenergie.ch\/index.php\/links-und-adressen\/#breadcrumb","itemListElement":[{"@type":"ListItem","position":1,"name":"Startseite","item":"https:\/\/www.mehrenergie.ch\/"},{"@type":"ListItem","position":2,"name":"Links und Adressen"}]},{"@type":"WebSite","@id":"https:\/\/www.mehrenergie.ch\/#website","url":"https:\/\/www.mehrenergie.ch\/","name":"mehrenergie","description":"Kurse und Einzelsitzungen f\u00fcr mehr Gesundheit und Wohlbefinden, mehr Lebensfreude und Kreativit\u00e4t.","publisher":{"@id":"https:\/\/www.mehrenergie.ch\/#\/schema\/person\/dac14b4895dd5502226083a88d200b56"},"alternateName":"mehrenergie","potentialAction":[{"@type":"SearchAction","target":{"@type":"EntryPoint","urlTemplate":"https:\/\/www.mehrenergie.ch\/?s={search_term_string}"},"query-input":{"@type":"PropertyValueSpecification","valueRequired":true,"valueName":"search_term_string"}}],"inLanguage":"de"},{"@type":["Person","Organization"],"@id":"https:\/\/www.mehrenergie.ch\/#\/schema\/person\/dac14b4895dd5502226083a88d200b56","name":"Antonia","image":{"@type":"ImageObject","inLanguage":"de","@id":"https:\/\/www.mehrenergie.ch\/wp-content\/uploads\/2019\/08\/IMG_0738.jpeg","url":"https:\/\/www.mehrenergie.ch\/wp-content\/uploads\/2019\/08\/IMG_0738.jpeg","contentUrl":"https:\/\/www.mehrenergie.ch\/wp-content\/uploads\/2019\/08\/IMG_0738.jpeg","width":321,"height":232,"caption":"Antonia"},"logo":{"@id":"https:\/\/www.mehrenergie.ch\/wp-content\/uploads\/2019\/08\/IMG_0738.jpeg"},"sameAs":["https:\/\/mehrenergie.ch"]}]}},"_links":{"self":[{"href":"https:\/\/www.mehrenergie.ch\/index.php\/wp-json\/wp\/v2\/pages\/951","targetHints":{"allow":["GET"]}}],"collection":[{"href":"https:\/\/www.mehrenergie.ch\/index.php\/wp-json\/wp\/v2\/pages"}],"about":[{"href":"https:\/\/www.mehrenergie.ch\/index.php\/wp-json\/wp\/v2\/types\/page"}],"author":[{"embeddable":true,"href":"https:\/\/www.mehrenergie.ch\/index.php\/wp-json\/wp\/v2\/users\/1"}],"replies":[{"embeddable":true,"href":"https:\/\/www.mehrenergie.ch\/index.php\/wp-json\/wp\/v2\/comments?post=951"}],"version-history":[{"count":1,"href":"https:\/\/www.mehrenergie.ch\/index.php\/wp-json\/wp\/v2\/pages\/951\/revisions"}],"predecessor-version":[{"id":3663,"href":"https:\/\/www.mehrenergie.ch\/index.php\/wp-json\/wp\/v2\/pages\/951\/revisions\/3663"}],"wp:featuredmedia":[{"embeddable":true,"href":"https:\/\/www.mehrenergie.ch\/index.php\/wp-json\/wp\/v2\/media\/967"}],"wp:attachment":[{"href":"https:\/\/www.mehrenergie.ch\/index.php\/wp-json\/wp\/v2\/media?parent=951"}],"curies":[{"name":"wp","href":"https:\/\/api.w.org\/{rel}","templated":true}]}}